{"id":4,"date":"2013-09-29T19:07:42","date_gmt":"2013-09-29T18:07:42","guid":{"rendered":"http:\/\/127.0.0.1\/jacquesmartel.com\/?page_id=4"},"modified":"2016-09-08T16:01:02","modified_gmt":"2016-09-08T15:01:02","slug":"bienvenu-sur-ma-page-officielle","status":"publish","type":"page","link":"https:\/\/jacquesmartel.com\/","title":{"rendered":"Bienvenue sur ma page officielle"},"content":{"rendered":"<p style=\"text-align: justify;\">N\u00e9 \u00e0 Montr\u00e9al \u00a0(Canada) en septembre 1950<i>,\u00a0<\/i><b><i>Jacques Martel<\/i><\/b>\u00a0a termin\u00e9 en 1977 sa formation d\u2019ing\u00e9nieur \u00e9lectricien \u00e0 l\u2019Universit\u00e9 Laval de Qu\u00e9bec et est devenu membre en r\u00e8gle de l\u2019Ordre des ing\u00e9nieurs du Qu\u00e9bec. Par la suite, il a \u00e9t\u00e9 professeur en \u00e9lectricit\u00e9 et \u00e9lectronique aupr\u00e8s d\u2019un organisme gouvernemental, soit le Centre de Main-d\u2019\u0153uvre du Canada (CMC) et aussi formateur en entreprise priv\u00e9e.<\/p>\n<p style=\"text-align: justify;\">Il a toujours montr\u00e9 un vif int\u00e9r\u00eat pour la communication sous toutes ses formes. Apr\u00e8s avoir termin\u00e9 ses \u00e9tudes universitaires, les m\u00e9dias \u00e9lectroniques attirent son attention\u00a0et il entreprend en 1977 une formation au Coll\u00e8ge des Annonceurs en Radio et T\u00e9l\u00e9vision (CART) du Qu\u00e9bec. Par la suite, pendant deux ann\u00e9es, il participe comme animateur et recherchiste \u00e0 plus d\u2019une centaine d\u2019\u00e9missions t\u00e9l\u00e9vis\u00e9es sur la sant\u00e9 et le bien-\u00eatre qui sont distribu\u00e9es \u00e0 la t\u00e9l\u00e9vision sur un r\u00e9seau priv\u00e9 \u00e0 travers la province de Qu\u00e9bec (Canada).<\/p>\n<p style=\"text-align: justify;\">Son d\u00e9sir de comprendre \u00ab\u00a0l\u2019autre c\u00f4t\u00e9 des choses\u00a0\u00bb le conduit dans une qu\u00eate spirituelle qui r\u00e9oriente compl\u00e8tement sa vie. En 1978, il entreprend des recherches en \u00ab\u00a0Vitaminoth\u00e9rapie\u00a0\u00bb aussi appel\u00e9e \u00ab\u00a0approche ortho mol\u00e9culaire\u00a0\u00bb suivant une approche holistique ou globale de l\u2019\u00eatre. \u00a0Son approche s\u2019inscrit dans celle des psychiatres chercheurs, chimistes, biochimistes canadiens, am\u00e9ricains et europ\u00e9ens dans le domaine. C\u2019est en 1988 qu\u2019il commence une formation en d\u00e9veloppement personnel. Cette formation le touche \u00e0 un tel point qu\u2019il devient animateur d\u2019ateliers de d\u00e9veloppement personnel, emploi qu\u2019il occupera ensuite \u00e0 plein temps, d\u00e8s 1990, en tant que th\u00e9rapeute.<\/p>\n<p style=\"text-align: justify;\">Riche de \u00ab\u00a0V\u00e9rit\u00e9s\u00a0\u00bb qu\u2019il d\u00e9couvre, le communicateur en lui choisit de partager le fruit de ses r\u00e9flexions avec le plus grand nombre de personnes possible. Ainsi, le <em>\u00ab\u00a0Centre de Croissance ATMA \u00ab\u00a0<\/em> verra le jour en 1990 pour devenir\u00a0<b><i>ATMA Inc.\u00a0<\/i><\/b>en 1996, regroupant\u00a0<b>\u00ab\u00a0<i>Les \u00c9ditions ATMA Internationales<\/i>\u00a0\u00bb\u00a0<\/b>(livres)\u00a0et<b> \u00ab <i>Les Productions ATMA Internationales<\/i>\u00a0\u00bb\u00a0<\/b>(CD musique et vid\u00e9os). <em>Jacques Martel<\/em> en assume encore la pr\u00e9sidence.<\/p>\n<p style=\"text-align: justify;\">Depuis 1990, il poursuit toujours sa formation personnelle et professionnelle, ce qui lui a permis, au fil des ann\u00e9es, d\u2019acqu\u00e9rir une solide r\u00e9putation dans ce domaine. C\u2019est en 1995 qu\u2019il acquiert sa formation de Rebirtheur (technique de respiration consciente) au Centre H\u00e9l\u00e9na Marcoux.<\/p>\n<p style=\"text-align: justify;\">Sa vaste exp\u00e9rience lui permet \u00e9galement d\u2019intervenir en tant que consultant aupr\u00e8s de th\u00e9rapeutes et d\u2019autres professionnels de la sant\u00e9.<\/p>\n<p style=\"text-align: justify;\">En 1991, un projet d\u2019\u00e9criture prend place dans sa vie. Doucement, mais s\u00fbrement, le manuscrit<strong><em> \u00ab\u00a0Le dictionnaire de la m\u00e9decine de l&rsquo;\u00c2me\u00a0\u00bb<\/em> <\/strong>deviendra le livre\u00a0<b><i>Le grand dictionnaire des malaises et maladies <\/i><\/b><i>qui\u00a0<\/i>se pr\u00e9pare\u00a0\u00e0 voir le jour. Les connaissances que monsieur Martel a acquises durant sa formation d\u2019ing\u00e9nieur \u00e9lectricien lui ont permis d\u2019apprendre \u00e0 \u00a0voyager du tangible \u00e0 l\u2019intangible et de la pratique \u00e0 l\u2019intuition; de m\u00eame, ses nombreux ateliers\u00a0et conf\u00e9rences lui ont confirm\u00e9 le lien \u00e9troit entre la maladie (malaises\u2026) et la pens\u00e9e (sentiments et \u00e9motions\u2026) comme source de conflit pouvant conduire au d\u00e9clenchement des maladies.\u00a0Le voici donc fin pr\u00eat \u00e0 \u00e9crire son livre qui verra finalement le jour en avril 1998.<\/p>\n<p style=\"text-align: justify;\">En 1993, il devient\u00a0Ma\u00eetre REIKI\u00a0(technique de gu\u00e9rison \u00e9nerg\u00e9tique). De 1994 \u00e0 1998, il est pr\u00e9sident de \u00ab\u00a0l\u2019Association Canadienne et Qu\u00e9b\u00e9coise des Ma\u00eetres REIKI\u00a0\u00bb \u00a0(ACQMR). En 2011, il est form\u00e9 en <b>Reconnexion\u00a9<\/b> (une autre technique de gu\u00e9rison \u00e9nerg\u00e9tique) et aide d\u2019autres personnes \u00e0 \u00eatre \u00ab\u00a0reconnect\u00e9es\u00a0\u00bb (Reconnexion\u00a9 personnelle et soins reconnectifs)\u00a0 afin que par la suite, elles puissent \u00eatre form\u00e9es pour devenir elles-m\u00eames des praticiennes de cette technique. Depuis le 04\/04\/04 (4 avril 2004), \u00a0il est devenu plus conscient de la Voie \u00e0 suivre pour d\u00e9velopper davantage de moyens pour aller vers la gu\u00e9rison physique, \u00e9motionnelle, mentale et spirituelle.<\/p>\n<p style=\"text-align: justify;\"><b><i>Monsieur Martel<\/i><\/b> prononce des conf\u00e9rences, participe \u00e0 des salons de sant\u00e9 et de bien-\u00eatre. Il animait, de 1988 et jusqu\u2019en 2013, des ateliers au Qu\u00e9bec, en Europe et \u00e0 l\u2019\u00cele de La R\u00e9union et en Polyn\u00e9sie Fran\u00e7aise de m\u00eame qu\u2019\u00e0 l\u2019\u00cele Maurice.\u00a0Il forme \u00e9galement sur demande d\u2019autres th\u00e9rapeutes avec la <b><i>Technique de gu\u00e9rison \u00e9motionnelle<\/i><\/b>, <b>TIC <\/b>(<b>T<\/b>echnique d\u2019<b>I<\/b>nt\u00e9gration par le\u00a0<b>C<\/b>\u0153ur)\u00a0qu\u2019il a d\u00e9velopp\u00e9e au cours des derni\u00e8res ann\u00e9es et qui a donn\u00e9 des r\u00e9sultats positifs \u00e0 sa client\u00e8le. Il donne \u00e9galement, \u00e0 l\u2019occasion, une\u00a0formation\u00a0intitul\u00e9e\u00a0:\u00a0<em>\u00ab\u00a0Sur le Chemin de l\u2019\u00c9veil\u00a0\u00bb<\/em> qui aide les personnes\u00a0qui le d\u00e9sirent \u00e0 s\u2019ouvrir int\u00e9rieurement afin d\u2019acc\u00e9der \u00e0 d\u2019autres niveaux de<b>\u00a0conscience<\/b>, et ce, en toute s\u00e9curit\u00e9 et en toute sinc\u00e9rit\u00e9.<\/p>\n<p style=\"text-align: justify;\">L\u2019int\u00e9r\u00eat suscit\u00e9 depuis plusieurs ann\u00e9es aupr\u00e8s du public et des th\u00e9rapeutes du livre<b><i> Le grand dictionnaire des malaises et maladies\u00a0<\/i><\/b>d\u00e9montre la pertinence d\u2019un tel ouvrage qui s\u2019\u00e9tait d\u00e9j\u00e0 vendu, en 2012, \u00a0dans le monde \u00e0 plus de\u00a0<b>350\u00a0000 exemplaires,<\/b>\u00a0ce qui en fait un\u00a0<b>\u00ab\u00a0Best-seller\u00a0<\/b>\u00bb.<b><\/b><\/p>\n<p style=\"text-align: justify;\">Les CD de d\u00e9tente guid\u00e9e <b><i>ATMA, Guide de relaxation et d\u2019Harmonisation<\/i> <\/b>et <b><i>ATMA, le corps de Cristal, le corps de Lumi\u00e8re<\/i><\/b> sont un compl\u00e9ment fort appr\u00e9ci\u00e9 par tous ceux qui sont en qu\u00eate de gu\u00e9rison et de mieux-\u00eatre.<\/p>\n<p style=\"text-align: justify;\">Outre\u00a0la deuxi\u00e8me \u00e9dition du livre\u00a0<b><i>Le grand dictionnaire des malaises et maladies (2007),\u00a0<\/i><\/b><b><i>Jacques Martel<\/i><\/b> a \u00e9dit\u00e9 d\u2019autres produits compl\u00e9mentaires qui sont fort appr\u00e9ci\u00e9s par toute personne en qu\u00eate de gu\u00e9rison et de mieux-\u00eatre.\u00a0Mentionnons d\u2019autres livres tels que\u00a0:<\/p>\n<p>&nbsp;<\/p>\n<p><b><i>ATMA, le pouvoir de l\u2019Amour <\/i><\/b><b>(2005), (2013) 2<sup>i\u00e8me<\/sup> \u00e9dition,\u00a0<b>revue et am\u00e9lior\u00e9e<\/b><\/b><\/p>\n<p><b><i>ATMA et le cercle de Gu\u00e9rison<\/i><\/b><b> (2008), (2013)\u00a0revue et am\u00e9lior\u00e9e<\/b><\/p>\n<p><b><i>Les 5 \u00c9tapes pour Parvenir \u00e0 la GU\u00c9RISON<\/i><\/b><b> (2010)<\/b><\/p>\n<p><b><i>Retour vers la Source<\/i><\/b><b>\u00a0(2011) <\/b><\/p>\n<p><b><i>Le POUVOIR des MOTS&#8230; qui me lib\u00e8rent!<\/i><\/b><b>\u00a0 (2011)<\/b><\/p>\n<p>&nbsp;<\/p>\n<p style=\"text-align: justify;\">Il a \u00a0aussi produit plusieurs CD-conf\u00e9rences, CD de m\u00e9ditations guid\u00e9es, disponibles sur des plates-formes num\u00e9riques, \u00a0capsules VID\u00c9OS sur diff\u00e9rentes th\u00e9matiques sur la sant\u00e9 et le mieux-\u00eatre, disponibles sur <a href=\"http:\/\/www.atma.ca\">www.atma.ca<\/a> ,\u00a0etc.<\/p>\n<p>&nbsp;<\/p>\n<p>Parcours professionnel\u00a0:<\/p>\n<p>1977\u00a0 Dipl\u00f4me d&rsquo;Ing\u00e9nieur \u00e9lectricien, Universit\u00e9 Laval de Qu\u00e9bec, Canada.<\/p>\n<p>1977 &#8211; 1987 Membre de l&rsquo;Ordre des Ing\u00e9nieurs du Qu\u00e9bec.<\/p>\n<p>1978 &#8211; 1988 Th\u00e9rapeute en vitaminoth\u00e9rapie (approche ortho mol\u00e9culaire).<\/p>\n<p>1985 &#8211; 1986\u00a0 Membre de l&rsquo;Association canadienne pour la sant\u00e9 mentale.<\/p>\n<p>1987\u00a0 Formation au Coll\u00e8ge des Annonceurs en radio et T\u00e9l\u00e9vision\u00a0du Qu\u00e9bec (CART).<\/p>\n<p>1987 &#8211; 1990\u00a0 Animateur et recherchiste d&rsquo;\u00e9missions T\u00e9l\u00e9 sur la Sant\u00e9 et le Bien-\u00catre,\u00a0(plus d&rsquo;une centaine).<\/p>\n<p>1990\u00a0 Pr\u00e9sident fondateur du Centre de Croissance ATMA.<\/p>\n<p>1993 \u00a0Formation de Ma\u00eetre REIKI.<\/p>\n<p>1994-1998 Pr\u00e9sident de l&rsquo;ACQMR (Association Canadienne et Qu\u00e9b\u00e9coise\u00a0des Ma\u00eetres REIKI).<\/p>\n<p>1996 Dipl\u00f4me de rebirthteur professionnel (technique de respiration consciente) \u00e0 l&rsquo;Institut H\u00e9l\u00e9na Marcoux.<\/p>\n<p>1996 Le Centre de Croissance ATMA devient ATMA inc.<\/p>\n<p>1996-2002\u00a0 Membre de la Corporation des praticiens en m\u00e9decine douce du Qu\u00e9bec (CPDMQ).<\/p>\n<p>1998-2013 Conf\u00e9rences et ateliers de d\u00e9veloppement personnel en Europe\u00a0(France, Suisse, Belgique, Polyn\u00e9sie Fran\u00e7aise, \u00cele de La R\u00e9union, \u00cele Maurice).<\/p>\n<p>2011 Praticien en Reconnexion\u00a9 (Dr \u00c9ric Pearl)<\/p>\n<p>2013 Suit une formation en Hypnose Spirituelle (r\u00e9gression de vies pass\u00e9es et entres-vies) avec l&rsquo;<strong>I<\/strong>nstitut <strong>I<\/strong>nternational d&rsquo;<strong>H<\/strong>ypnose <strong>S<\/strong>pirituelle (<strong>IIHS<\/strong>)<\/p>\n","protected":false},"excerpt":{"rendered":"<p>N\u00e9 \u00e0 Montr\u00e9al \u00a0(Canada) en septembre 1950,\u00a0Jacques Martel\u00a0a termin\u00e9 en 1977 sa formation d\u2019ing\u00e9nieur \u00e9lectricien \u00e0 l\u2019Universit\u00e9 Laval de Qu\u00e9bec et est devenu membre en r\u00e8gle de l\u2019Ordre des ing\u00e9nieurs du Qu\u00e9bec. Par la suite, il a \u00e9t\u00e9 professeur en \u00e9lectricit\u00e9 et \u00e9lectronique aupr\u00e8s d\u2019un organisme gouvernemental, soit le Centre de Main-d\u2019\u0153uvre du Canada (CMC) [&hellip;]<\/p>\n","protected":false},"author":1,"featured_media":0,"parent":0,"menu_order":0,"comment_status":"closed","ping_status":"closed","template":"index.php","meta":{"footnotes":""},"class_list":["post-4","page","type-page","status-publish","hentry"],"_links":{"self":[{"href":"https:\/\/jacquesmartel.com\/index.php?rest_route=\/wp\/v2\/pages\/4","targetHints":{"allow":["GET"]}}],"collection":[{"href":"https:\/\/jacquesmartel.com\/index.php?rest_route=\/wp\/v2\/pages"}],"about":[{"href":"https:\/\/jacquesmartel.com\/index.php?rest_route=\/wp\/v2\/types\/page"}],"author":[{"embeddable":true,"href":"https:\/\/jacquesmartel.com\/index.php?rest_route=\/wp\/v2\/users\/1"}],"replies":[{"embeddable":true,"href":"https:\/\/jacquesmartel.com\/index.php?rest_route=%2Fwp%2Fv2%2Fcomments&post=4"}],"version-history":[{"count":22,"href":"https:\/\/jacquesmartel.com\/index.php?rest_route=\/wp\/v2\/pages\/4\/revisions"}],"predecessor-version":[{"id":498,"href":"https:\/\/jacquesmartel.com\/index.php?rest_route=\/wp\/v2\/pages\/4\/revisions\/498"}],"wp:attachment":[{"href":"https:\/\/jacquesmartel.com\/index.php?rest_route=%2Fwp%2Fv2%2Fmedia&parent=4"}],"curies":[{"name":"wp","href":"https:\/\/api.w.org\/{rel}","templated":true}]}}